-q - 1. Let k(g) = -7*g - 4. Let a(m) = m + 7. Let f be a(-6). Let x(u) = f*k(u) - 5*l(u). What is x(s)?
7
Suppose 3*i = -5*n + 12 + 2, 16 = 2*n - 4*i. Let z(x) = x**2 - x - 5. Let t be z(n). Let p be 1/(-2)*(t + 7). Let c(d) = d + 1. Calculate c(p).
-6
Let o(v) = -3*v**2 - v**2 + 6*v + 5*v**2 - v**2 + 2*v**2. Suppose -d = w - 2*w - 18, 3*w = 2*d - 40. Let b be (-2)/(-7) - 60/d. What is o(b)?
8
Let f(t) = 5*t**2 + 6*t + 2. Let g(c) = -6*c**2 - 6*c - 2. Suppose -7*m + 10 + 18 = 0. Let a(p) = m*g(p) + 5*f(p). What is a(-6)?
2
Let n = 15 - 22. Let k(c) be the third derivative of 0 + 0*c + c**3 + 4*c**2 + 1/60*c**5 + 7/24*c**4. Determine k(n).
6
Let q(o) = -27*o**2 + 5*o - 10. Let j(v) = -33*v**2 + 6*v - 12. Let b(l) = 5*j(l) - 6*q(l). Suppose 0 = -c - 4*n - 22, 3*c - 5*n = 5*c + 29. Give b(c).
-12
Let y(u) = u**3 + 2*u + 126 + 5*u**2 + 132 - 257. What is y(-5)?
-9
Let h = -7 - -10. Suppose 0 = -p - h*s + 1, -3*s + 0 = 2*p + 1. Let y(t) be the second derivative of t**3/3 + t**2/2 + 497*t. Determine y(p).
-3
Let v(y) = 12*y + 139. Let l be v(-11). Let b(j) = -6*j + 20. Calculate b(l).
-22
Let s(h) = 3*h + 9. Let x = -676 + 669. Determine s(x).
-12
Let h = -5 - -159. Suppose 15 = -5*w + 4*s, 1 = -4*w + s - 0*s. Let x(y) = 156*y + 3 - 1 - h*y - w. What is x(-2)?
-3
Suppose y = 1 + 4. Let b(d) = -17*d**2 - d - 15. Let h(n) = -14*n**2 - 11. Let i(l) = 4*b(l) - 5*h(l). Determine i(y).
25
Let o be (-2)/((-3)/6*1). Let r(f) = -o*f**2 + 73*f - 74*f + 8*f**2. Let m be ((-1)/3)/(1/(-3)). Calculate r(m).
3
Let i(d) = -d**3 + 6*d**2 + 2. Let g be (23 - 26) + 8 + 1. Determine i(g).
2
Let p(d) = -2*d + 15. Let m(b) = 4*b**2 + 39*b - 5. Let u be m(-10). What is p(u)?
5
Let i(z) = -z**2 + z - 1. Let y(f) = -2*f**2. Let t = 8 + -11. Let b(q) = t*i(q) + 2*y(q). Suppose -2*c + 1 + 3 = 0. Determine b(c).
-7
Let k = -61 - -71. Suppose k*z - 42 = 3*z. Let i(v) = v + 2. Calculate i(z).
8
Let u(y) = 7*y**2 + y - 1. Let r(z) = z**2 - 5*z - 5. Let x be r(6). Let a be u(x). Let o(w) = w + 0 + 2 - a. Calculate o(-5).
-10
Let x(f) = -31*f**3 - 11*f**2 - 3*f + 8. Let i(b) = -11*b**3 - 4*b**2 - b + 3. Let p(y) = -11*i(y) + 4*x(y). Give p(-1).
3
Let l = 2 - -3. Suppose 2*i = 0, -4*p - 4*i + l*i = 4. Let a(v) = -v + 2*v**3 + v**2 + 9*v**3 - 2*v**2 - 3*v**3. Calculate a(p).
-8
Suppose -5*q + 62 + 48 = -5*x, 2*q - x - 43 = 0. Let s(t) = 3*t + 12 + q*t**2 + 20*t**2 + 7*t - 40*t**2. Let a be s(-9). Let v(m) = m - 5. What is v(a)?
-2
Suppose 2*u = -u + 2*s - 13, -4*s = 16. Let k(n) be the third derivative of n**5/60 + 7*n**4/24 + 2*n**3/3 - 8*n**2. What is k(u)?
4
Let b(n) be the third derivative of -n**6/120 + 7*n**5/60 - n**4/8 + 2*n**3/3 - n**2. Let f = -601 + 608. Give b(f).
-17
Let d = 61 + -50. Let z(s) = 19*s + 14*s**2 + 1 - d*s - 10*s. Calculate z(1).
13
Let y be (-9 + 7)/((-1)/2). Suppose 0 = -y*f - 0*f. Let i = f + 5. Let l(x) = -x**3 + 5*x**2 + x + 5. What is l(i)?
10
Let s(a) be the second derivative of a**7/420 + a**6/120 + a**5/120 - a**4/12 + 19*a**3/6 + 6*a. Let u(r) be the second derivative of s(r). Determine u(-2).
-8
Suppose 0 = 19*n + 18*n - 56*n + 5*n. Let a(c) = -c**3 - c**2 - c - 1. Let m(h) = h**2 + h + 11. Let d(q) = -a(q) - m(q). What is d(n)?
-10
Let n(z) = z**2 + 6*z + 6. Suppose 16*q = 36 + 28. Let i(t) = -t + 4. Let m be i(4). Suppose -d = -3*h - 10, m = -5*d - q - 21. Determine n(h).
1
Suppose -2 = -n - 0, 12 = 3*s + 3*n. Suppose 0 = -s*b - 5*x - 8, -3*b - 7 = x + 5. Let l(f) = f - 1 + 0 + 3. Calculate l(b).
-2
Let q(f) be the third derivative of -f**6/120 + 7*f**5/60 - 3*f**4/8 + 3*f**3/2 + 24*f**2. Calculate q(6).
-9
Let q(a) = -5*a + 3. Suppose -55 = 5*w - 65. Determine q(w).
-7
Let m(y) be the third derivative of -19*y**4/24 - y**3/6 + 2*y**2 - 12*y. What is m(-1)?
18
Let w(r) = 5 + 3*r**3 - 6 + 3*r**3 + 0*r**3. What is w(1)?
5
Let i(x) be the first derivative of x**4/4 + 16*x**3/3 - 8*x**2 + 12*x - 13. Determine i(-17).
-5
Let u(a) = a**3 - 9*a**2 + 4*a + 29. Let m be u(8). Let x(w) be the third derivative of -w**4/24 - 7*w**3/6 - 3*w**2. Give x(m).
-4
Suppose 165 = -7*q + 179. Let u(h) = -2*h**2 - 4*h - 1. Let l(i) = -4*i**2 - 9*i - 3. Let r(j) = -3*l(j) + 7*u(j). What is r(q)?
-8
Let r(d) = -2*d + d**3 + 14*d - 4 - 4*d + 0*d**2 + 7*d**2 + 1. Determine r(-4).
13
Let j(m) = -2*m**3 - 4*m**2 + 4*m - 16. Let l(s) = -3*s**3 - 5*s**2 + 5*s - 24. Let v(d) = -8*j(d) + 5*l(d). Determine v(-8).
0
Let t(v) = -v**3 - 9*v**2 + 12*v + 15. Suppose 8*o + y = 9*o + 15, -40 = 3*o - 2*y. What is t(o)?
-5
Let g(w) = -w + 1. Suppose y + 5*y - 486 = 0. Let f = 10 + -6. Let b be f/(-10) - y/(-15). Calculate g(b).
-4
Let a = -5 - -5. Suppose i - 6*i = a, -14 = -2*j + 5*i. Let p(l) = 2*l - 2. Calculate p(j).
12
Let p(y) be the second derivative of y**4/12 + y**3 + y**2 + y. Let u(m) = m**2 - m + 8. Let b be u(0). Let f = b - 13. What is p(f)?
-3
Let h(p) be the first derivative of -p**3/3 - 3*p + 101. Suppose 2*f + 6 = -2*d + 6*f, -5*d - 2*f = -21. What is h(d)?
-12
Suppose -b - 45 = 5*p - 18, p - 3 = -3*b. Suppose -69 = -5*m - 59. Let x(a) = -a**3 - 5*a**m + 4 - 5 - 7 + 6*a + 5. Give x(p).
-3
Let i(z) be the third derivative of z**5/30 + z**4/24 - z**3/3 + z**2. Suppose 10 = -5*r - 2*f, 58*f - 55*f = 3*r + 6. Give i(r).
4
Let y be (-2)/(-1 - (-3)/6). Let j be 12/y*1/1. Let t(s) = -4*s - 4 - 1 + j + 2*s. Give t(-5).
8
Let h(p) = 5*p. Let m be ((-3)/(-12*1))/((-1)/4). Calculate h(m).
-5
Suppose -2*b = 4*k - 20, -3*b + 0*k + 3*k - 6 = 0. Let y(n) = 0*n**3 - n**3 - 17 + b + n**2. Let g(c) = -c**2 - 14*c + 576. Let d be g(18). What is y(d)?
-15
Let t(k) = 12*k - 3. Let g(f) = -7*f + 3. Let r(w) = 3*g(w) + 2*t(w). Give r(14).
45
Let x(y) = y**3 - 8*y**2 + y - 6. Let a(j) = -j**3 + j**2 - j. Let l(b) = -2*a(b) - x(b). Let n be (-57)/(-11) - 4/22. Suppose -30 = 10*m - n*m. Calculate l(m).
0
Suppose -x + 52 = f, -5*f - 23 = -8. Suppose -5*t = 5*o - x, 2*o = -0*o - t + 17. Let u(l) = 2*l - o*l - 12*l**2 + 4*l - 1 + 2*l. Calculate u(1).
-11
Let z(m) = 56 + 63 + 55 + 64 - m - 235 + m**2. Let c(j) = j + 8. Let x be c(-6). Suppose 4*s = -3*h - 16, 4*h + 8 = -0*h - x*s. Calculate z(h).
3
Let q(g) = 5*g + 7. Let d(t) = -t. Let s(m) = -6*d(m) - q(m). Suppose -10 + 26 = 4*o. Suppose -3*y - 4 = -3*i - 1, -i - o*y + 21 = 0. Determine s(i).
-2
Let o(h) = h**3 + 2*h**2 - 1. Let d be o(-1). Let u(g) be the second derivative of -g**3/6 + 2*g**2 + 36*g. Determine u(d).
4
Let r(d) = -d - 2*d + 0 - 4 - d. Let c be r(-3). Suppose 4*x + 0*g + c = 4*g, 0 = -4*x + g - 2. Let n(u) = u**2 + u + 4. Calculate n(x).
4
Let s(b) = 4*b + 14. Let w(k) = -k. Let a(x) = s(x) + 5*w(x). Suppose -4*t - 2 = -q, 0 = -3*q + 3*t - 4*t + 19. Calculate a(q).
8
Suppose 3*n = -268 + 247. Let a(u) = 8*u + 51. Give a(n).
-5
Suppose -2*i + 2*d - 34 = 2*i, -2*d + 43 = -5*i. Let b(n) = -n**2 - 7*n + 6. Calculate b(i).
-12
Let c(w) = -43*w**2 + 1. Suppose 90*g - 98*g = -8. Calculate c(g).
-42
Let z(t) be the second derivative of t**5/20 + t**4/2 - 7*t**3/6 + 4*t**2 - t. Let f(r) = -6*r + 149. Let a be f(26). Give z(a).
8
Suppose -r - 5 = -4*t, -28*t + 25*t = 3*r + 45. Let l(f) = -f**2 - 11*f + 22. Give l(r).
-4
Let y(h) = -h - 1. Let v(a) = 2*a - 7. Let t(d) = -d. Let s be t(9). Let f(b) = -b - 6. Let c be f(s). Let o be v(c). What is y(o)?
0
Let v(i) = i**2 + 2*i + 2. Let q = 1119 + -1123. Determine v(q).
10
Let f(s) = -6*s + 3. Let b = -1080 - -1077. Give f(b).
21
Let s(j) = -123 + 2*j + 45 + 47. Calculate s(13).
-5
Let m(j) be the first derivative of -j**4/4 + 2*j**3 + 5*j**2/2 + 14*j - 392. Determine m(7).
0
Let n be 45/(-6)*(-28)/35. Let b(u) = u**3 + 4*u**2 + u - 1. Let m be b(-3). Let z(r) = -r + m + 2 - 3. Give z(n).
-2
Let m(c) = c**2 - 8*c + 4. Suppose 11*z = s + 6*z + 14, -5*s + 5*z + 10 = 0. What is m(s)?
-8
Let w(f) = -10*f. Let b(u) = -39*u + 4. Let z(x) = 312*x - 33. Let d(v) = -33*b(v) - 4*z(v). Let a(p) = 2*d(p) + 9*w(p). Calculate a(1).
-12
Let a(d) = -1 + 0 - 73*d + 78*d. Give a(-1).
-6
Let s(p) be the first derivative of 3/2*p**2 - 2 + 2*p. Suppose 12*k - 4 = 13*k. What is s(k)?
-10
Let r(k) = -k**2 + 5*k + 3. Let f be r(4). Let v = -4 + f. Let q(p) = 10*p**3 - p. Let l(g) = -7*g**3 + g**2 + g. Let t(x) = 3*l(x) + 2*q(x). Calculate t(v).
3
Let r(w) = -16*w**3 - 4*w**2 - 11*w - 4. Let p(f) = 5*f**3 + 2*f -